{"id":41,"date":"2015-06-03T01:14:43","date_gmt":"2015-06-02T23:14:43","guid":{"rendered":"http:\/\/mostypomoci.sk\/?page_id=41"},"modified":"2016-05-12T09:01:55","modified_gmt":"2016-05-12T07:01:55","slug":"stanovy","status":"publish","type":"page","link":"https:\/\/www.mostypomoci.sk\/?page_id=41","title":{"rendered":"Stanovy"},"content":{"rendered":"<p style=\"text-align: left;\"><strong>Stanovy\u00a0<\/strong><strong>ob\u010dianskeho zdru\u017eenia\u00a0<\/strong><strong><span style=\"color: #00aeef;\">Mosty<\/span> <span style=\"color: #ed1b24;\">Pomoci<\/span><\/strong><\/p>\n<p style=\"text-align: left;\">I\u010cO: 42 415 951 \u00a0 \u00a0 \u00a0 DI\u010c: 212 0175 387<\/p>\n<p style=\"text-align: left;\"><strong>I .Z\u00e1kladn\u00e9 ustanovenia.<\/strong><\/p>\n<p style=\"text-align: left;\">1. N\u00e1zov ob\u010dianskeho zdru\u017eenia (\u010falej len &#8222;zdru\u017eenie&#8220;) je MOSTY POMOCI.<br \/>\n2. S\u00eddlom zdru\u017eenia je Obchodn\u00e1 545\/9, 81106 Bratislava 1 (Star\u00e9 mesto)<\/p>\n<p style=\"text-align: left;\"><strong>II. Ciele a \u010dinnos\u0165 zdru\u017eenia.<\/strong><\/p>\n<p style=\"text-align: left;\">Cie\u013eom zdru\u017eenia je ochrana, pomoc a v\u0161estrann\u00e1 podpora zdravotne postihnut\u00fdch, na pomoc odk\u00e1zan\u00fdch\u013eud\u00ed, ich rod\u00edn, zvyklost\u00ed, ich kult\u00fary, \u013eudsk\u00fdch pr\u00e1v,psychohygieny, rozvoja duchovn\u00fdch hodn\u00f4t, stret\u00e1vania sa za \u00fa\u010delom v\u00fdmeny sk\u00fasenosti s alternat\u00edvnymi met\u00f3dami, podpora aktiv\u00edt ob\u010danov, ob\u010dianskych iniciat\u00edv a mimovl\u00e1dnych organiz\u00e1cii p\u00f4sobiacich v t\u00fdchto oblastiach, rozvoj spolupr\u00e1ce a porozumenia medzi uveden\u00fdmi subjektmi,vzdel\u00e1vanie a zabezpe\u010dovanie vzdel\u00e1vac\u00edch programov v oblasti soci\u00e1lnych slu\u017eieb a v\u00fdchova k zodpovednosti za kvalitu \u017eivota cestou integr\u00e1cie a vytv\u00e1rania hodn\u00f4t kult\u00fary postihnut\u00fdch prostredn\u00edctvom vzdel\u00e1vac\u00edch, v\u00fdchovno-osvetov\u00fdch, poradensk\u00fdch, publika\u010dn\u00fdch, kult\u00farno-spolo\u010densk\u00fdch, \u0161portovo-rekrea\u010dn\u00fdch a rehabilita\u010dn\u00fdch aktiv\u00edt v uveden\u00fdch oblastiach, presadzova\u0165 zrovnopr\u00e1vnenie zdravotne postihnut\u00fdch a soci\u00e1lne znev\u00fdhodnen\u00fdch spoluob\u010danov, ich rodinn\u00fdch pr\u00edslu\u0161n\u00edkov a os\u00f4b zabezpe\u010duj\u00facich o\u0161etrovate\u013esk\u00fa a opatrovate\u013esk\u00fa \u010dinnos\u0165. Soci\u00e1lne, zdravotne a pr\u00e1vne poradensk\u00e1 pomoc &#8211; v r\u00e1mci mo\u017enosti zdru\u017eenia.<br \/>\nV r\u00e1mci nap\u013a\u0148ania svojich cie\u013eov zdru\u017eenie vyv\u00edja \u010dinnos\u0165 a spolupracuje so \u0161t\u00e1tnymi samospr\u00e1vami a zastupite\u013esk\u00fdmi org\u00e1nmi, in\u0161tit\u00faciami a in\u00fdmi organiz\u00e1ciami v SR a v zahrani\u010d\u00ed.<\/p>\n<p style=\"text-align: left;\"><strong>III. \u010clenstvo v zdru\u017een\u00ed.<\/strong><\/p>\n<p style=\"text-align: left;\">1. a) \u010clenom zdru\u017eenia m\u00f4\u017ee by\u0165 fyzick\u00e1 osoba, deti vo veku do 18 rokov ale bez hlasovacieho a volebn\u00e9ho pr\u00e1va, ich rodi\u010dia a z\u00e1konn\u00ed z\u00e1stupcovia s\u00fa plnopr\u00e1vnymi \u010dlenmi zdru\u017eenia pokia\u013e s\u00fahlasia so stanovami zdru\u017eenia a maj\u00fa zaplaten\u00e9 \u010dlensk\u00e9 na kalend\u00e1rny rok.<\/p>\n<p style=\"text-align: left;\">b) Kolekt\u00edvnym \u010dlenom zdru\u017eenia m\u00f4\u017ee by\u0165 aj pr\u00e1vnick\u00e1 osoba zast\u00fapen\u00e1 svoj\u00edm \u0161tatut\u00e1rnym org\u00e1nom, pokia\u013e s\u00fa splnen\u00e9 podmienky uveden\u00e9 v tomto \u010dl\u00e1nku stanov a m\u00e1 zaplaten\u00e9 \u010dlensk\u00e9 na kalend\u00e1rny rok.<\/p>\n<p style=\"text-align: left;\">c) \u010clenom zdru\u017eenia m\u00f4\u017ee by\u0165 aj ob\u010dan SR nad 18 rokov, ktor\u00fd m\u00e1 z\u00e1ujem pom\u00e1ha\u0165 postihnut\u00fdm spoluob\u010danom a m\u00e1 zaplaten\u00e9 \u010dlensk\u00e9 na kalend\u00e1rny rok.<\/p>\n<p style=\"text-align: left;\">2. \u010clenstvo v zdru\u017een\u00ed vznik\u00e1 zap\u00edsan\u00edm do Zoznamu \u010dlenov. Z\u00e1pis vykon\u00e1 poveren\u00fd \u010dlen rady, ktor\u00fd z\u00e1rove\u0148 presk\u00fama v\u0161etky n\u00e1le\u017eitosti \u010dlenstva a informuje ostatn\u00fdch \u010dlenov rady. Z\u00e1pis sa nevykon\u00e1, ak s n\u00edm nes\u00fahlas\u00ed nadpolovi\u010dn\u00e1 v\u00e4\u010d\u0161ina \u010dlenov rady.<\/p>\n<p style=\"text-align: left;\">3. \u010clenstvo v zdru\u017een\u00ed zanik\u00e1:<\/p>\n<p style=\"text-align: left;\">&#8211; dobrovo\u013en\u00fdm vzdan\u00edm sa a n\u00e1sledn\u00fdm v\u00fdmazom zo Zoznamu \u010dlenov,<br \/>\n&#8211; smr\u0165ou \u010dlena,<br \/>\n&#8211; rozhodnut\u00edm rady o z\u00e1niku \u010dlenstva,<\/p>\n<p style=\"text-align: left;\">pri\u010dom sa zaplaten\u00e9 \u010dlensk\u00e9 poplatky nevracaj\u00fa, najm\u00e4 ak by \u010fal\u0161ie zotrvanie \u010dlena v zdru\u017een\u00ed bolo v rozpore s jeho cie\u013emi, poslan\u00edm organiz\u00e1cie, ak \u010dlen si nepln\u00ed svoje povinnosti vypl\u00fdvaj\u00face zo z\u00e1kona, stanov, rozhodnut\u00ed org\u00e1nov zdru\u017eenia a jeho vn\u00fatorn\u00fdch predpisov.<\/p>\n<p style=\"text-align: left;\"><strong>IV. Pr\u00e1va a povinnosti \u010dlenov.<\/strong><\/p>\n<p style=\"text-align: left;\">1. \u010clenovia zdru\u017eenia maj\u00fa pr\u00e1vo plnohodnotne sa z\u00fa\u010dast\u0148ova\u0165 na \u010dinnosti zdru\u017eenia, voli\u0165 a by\u0165 volen\u00fd do org\u00e1nov zdru\u017eenia a by\u0165 informovan\u00ed o z\u00e1meroch a aktivit\u00e1ch zdru\u017eenia.<\/p>\n<p style=\"text-align: left;\">2. \u010clenovia zdru\u017eenia s\u00fa povinn\u00ed:<\/p>\n<p style=\"text-align: left;\">&#8211; dodr\u017eiava\u0165 v\u0161etky platn\u00e9 pr\u00e1vne normy a predpisy<br \/>\n&#8211; dodr\u017eiava\u0165 stanovy a \u010fal\u0161ie intern\u00e9 predpisy zdru\u017eenia,<br \/>\n&#8211; riadne plati\u0165 ur\u010den\u00e9 \u010dlensk\u00e9 poplatky ,<br \/>\n&#8211; pod\u013ea svojich mo\u017enost\u00ed a schopnost\u00ed podie\u013ea\u0165 sa na \u010dinnosti zdru\u017eenia.<\/p>\n<p style=\"text-align: left;\"><strong>V. Org\u00e1ny zdru\u017eenia.<\/strong><\/p>\n<p style=\"text-align: left;\">1. Org\u00e1nmi zdru\u017eenia s\u00fa:<br \/>\na) Valn\u00e9 zhroma\u017edenie<br \/>\nb) Rada,<br \/>\nc) Rev\u00edzor.<\/p>\n<p style=\"text-align: left;\">2. Najvy\u0161\u0161\u00edm org\u00e1nom zdru\u017eenia je Valn\u00e9 zhroma\u017edenie. V\u0161etky ostatn\u00e9 org\u00e1ny s\u00fa n\u00edm volen\u00e9.<\/p>\n<p style=\"text-align: left;\">3. Volebn\u00e9 obdobie org\u00e1nov zdru\u017eenia je trojro\u010dn\u00e9.<\/p>\n<p style=\"text-align: left;\">4. Funkcie v org\u00e1noch zdru\u017eenia s\u00fa \u010destn\u00e9. Za v\u00fdkon funkcie m\u00f4\u017ee by\u0165 Valn\u00fdm zhroma\u017eden\u00edm priznan\u00e1 primeran\u00e1 odmena a n\u00e1hrada v\u00fddavkov.<\/p>\n<p style=\"text-align: left;\"><strong>VI. Valn\u00e9 zhroma\u017edenie.<\/strong><\/p>\n<p style=\"text-align: left;\">1. Valn\u00e9 zhroma\u017edenie (stretnutie v\u0161etk\u00fdch \u010dlenov zdru\u017eenia) zvol\u00e1va rada najmenej raz za jeden rok. Ak o to p\u00edsomne po\u017eiada najmenej polovica \u010dlenov zdru\u017eenia, rada zdru\u017eenia je povinn\u00e1 zvola\u0165 Valn\u00e9 zhroma\u017edenia do dvoch mesiacov.<\/p>\n<p style=\"text-align: left;\">2. Valn\u00e9 zhroma\u017edenie je uzn\u00e1\u0161aniaschopn\u00e9, ak je pr\u00edtomn\u00e1 nadpolovi\u010dn\u00e1 v\u00e4\u010d\u0161ina \u010dlenov. Ka\u017ed\u00fd \u010dlen zdru\u017eenia sa na Valnom zhroma\u017eden\u00ed m\u00f4\u017ee da\u0165 zast\u00fapi\u0165 in\u00fdm \u010dlenom, ktor\u00e9mu odovzd\u00e1 p\u00edsomn\u00e9 splnomocnenie. Takto zast\u00fapen\u00fd \u010dlen sa pova\u017euje za pr\u00edtomn\u00e9ho.<\/p>\n<p style=\"text-align: left;\">3. Na platnos\u0165 rozhodnutia Valn\u00e9ho zhroma\u017edenia je potrebn\u00fd s\u00fahlas nadpolovi\u010dnej v\u00e4\u010d\u0161iny pr\u00edtomn\u00fdch \u010dlenov. Rada m\u00f4\u017ee rozhodn\u00fa\u0165, u ktor\u00fdch rozhodnut\u00ed je na ich prijatie potrebn\u00e1 trojp\u00e4tinov\u00e1 v\u00e4\u010d\u0161ina hlasov.<\/p>\n<p style=\"text-align: left;\">4. Valn\u00e9 zhroma\u017edenie zdru\u017eenia rozhoduje o v\u0161etk\u00fdch z\u00e1kladn\u00fdch ot\u00e1zkach a to najm\u00e4:<\/p>\n<p style=\"text-align: left;\">&#8211; vol\u00ed a odvol\u00e1va \u010dlenov rady, jej predsedu, rev\u00edzora,<br \/>\n&#8211; schva\u013euje vn\u00fatorn\u00e9 predpisy zdru\u017eenia, rokovac\u00ed a volebn\u00fd poriadok,<br \/>\n&#8211; schva\u013euje v\u00fd\u0161ku \u010dlensk\u00e9ho pr\u00edspevku na ka\u017ed\u00fd rok osobitne,<br \/>\n&#8211; schva\u013euje pr\u00edpadn\u00e9 n\u00e1hrady a ich v\u00fd\u0161ku za \u010dinnos\u0165 vo funkci\u00e1ch zdru\u017eenia,<br \/>\n&#8211; rozhoduje o z\u00e1niku a zl\u00fa\u010den\u00ed zdru\u017eenia,<br \/>\n&#8211; rozhoduje o zmen\u00e1ch v stanov\u00e1ch zdru\u017eenia,<br \/>\n&#8211; rozhoduje o \u010fal\u0161\u00edch veciach, ktor\u00e9 si vyhrad\u00ed.<\/p>\n<p style=\"text-align: left;\"><strong>VII. Rada zdru\u017eenia.<\/strong><\/p>\n<p style=\"text-align: left;\">1. Rada zdru\u017eenia m\u00e1 p\u00e4\u0165 \u010dlenov a riadi \u010dinnos\u0165 zdru\u017eenia medzi Valn\u00fdmi zhroma\u017edeniami. Je volen\u00e1 Valn\u00fdm zhroma\u017eden\u00edm na 3-ro\u010dn\u00e9 funk\u010dn\u00e9 obdobie. Je uzn\u00e1\u0161aniaschopn\u00e1, ak je pr\u00edtomn\u00e1 nadpolovi\u010dn\u00e1 v\u00e4\u010d\u0161ina jej \u010dlenov. Pri rovnosti hlasov rozhoduje hlas predsedu rady.<\/p>\n<p style=\"text-align: left;\">2. Rada zdru\u017eenia:<\/p>\n<p style=\"text-align: left;\">&#8211; zvol\u00e1va Valn\u00e9 zhroma\u017edenia zdru\u017eenia,<br \/>\n&#8211; vedie Zoznam \u010dlenov zdru\u017eenia a v zmysle \u010dl. III. ods. 2 stanov rozhoduje o prijat\u00ed nov\u00fdch \u010dlenov zdru\u017eenia,<br \/>\n&#8211; vyprac\u00fava pl\u00e1n zdru\u017eenia a predklad\u00e1 ho Valn\u00e9mu zhroma\u017edeniu na schv\u00e1lenie, ur\u010duje zodpovednos\u0165 za plnenie \u00faloh,<br \/>\n&#8211; spravuje majetok zdru\u017eenia,<br \/>\n&#8211; schva\u013euje ro\u010dn\u00fa \u00fa\u010dtovn\u00fa uz\u00e1vierku,<br \/>\n&#8211; chr\u00e1ni a presadzuje z\u00e1ujmy \u010dlenov zdru\u017eenia,<br \/>\n&#8211; vykon\u00e1va \u010fal\u0161iu \u010dinnos\u0165, ktor\u00fa vy\u017eaduje efekt\u00edvne riadenie organiz\u00e1cie.<\/p>\n<p style=\"text-align: left;\">3. \u010clenovia rady si pod\u013ea potreby a mo\u017enost\u00ed rozdelia okruhy \u010dinnost\u00ed s\u00favisiacich s riaden\u00edm organiz\u00e1cie. Inak rada sa sch\u00e1dza pod\u013ea potreby, najmenej dvakr\u00e1t do roka. Jej sch\u00f4dze zvol\u00e1va Predseda rady.<\/p>\n<p style=\"text-align: left;\"><strong>VIII. Predseda rady.<\/strong><\/p>\n<p style=\"text-align: left;\">1. Predseda rady zastupuje zdru\u017eenie navonok.<\/p>\n<p style=\"text-align: left;\">2. Je konate\u013eom a z\u00e1stupcom zdru\u017eenia. Vo vz\u0165ahu k verejnosti a z\u00e1ujmov\u00fdm skupin\u00e1m zdru\u017eenia m\u00f4\u017ee kona\u0165 samostatne, d\u00f4le\u017eit\u00e9 rozhodnutia je v\u0161ak povinn\u00fd konzultova\u0165 s ostatn\u00fdmi \u010dlenmi rady. Plnen\u00edm jednotliv\u00fdch \u00faloh m\u00f4\u017ee poveri\u0165 ktor\u00e9hoko\u013evek \u010dlena zdru\u017eenia. Ka\u017ed\u00e9 rozhodnutie Predsedu rady je presk\u00famate\u013en\u00e9 a zmenite\u013en\u00e9 radou zdru\u017eenia.<\/p>\n<p style=\"text-align: left;\"><strong> IX. Rev\u00edzor.<\/strong><\/p>\n<p style=\"text-align: left;\">1. Rev\u00edzor je kontroln\u00fdm org\u00e1nom zdru\u017eenia.<\/p>\n<p style=\"text-align: left;\">2. Pln\u00ed predov\u0161etk\u00fdm tieto \u00falohy:<\/p>\n<p style=\"text-align: left;\">&#8211; kontroluje plnenie uznesen\u00ed Valn\u00e9ho zhroma\u017edenia a \u010dinnos\u0165 rady. Za t\u00fdmto \u00fa\u010delom m\u00e1 pr\u00edstup ku v\u0161etk\u00fdm dokladom zdru\u017eenia,<br \/>\n&#8211; dohliada na riadny v\u00fdkon \u010dinnost\u00ed v r\u00e1mci zdru\u017eenia,<br \/>\n&#8211; kontroluje hospod\u00e1renie zdru\u017eenia,<br \/>\n&#8211; je opr\u00e1vnen\u00fd po\u017eiada\u0165 radu o zvolanie Valn\u00e9ho zhroma\u017edenia v pr\u00edpade, ak svojou \u010dinnos\u0165ou zist\u00ed tak\u00e9 skuto\u010dnosti, ktor\u00e9 z\u00e1va\u017ene ohrozuj\u00fa \u010dinnos\u0165 zdru\u017eenia.<\/p>\n<p style=\"text-align: left;\">3. Valn\u00e9 zhroma\u017edenie m\u00f4\u017ee rozhodn\u00fa\u0165 o priznan\u00ed finan\u010dnej n\u00e1hrady za v\u00fdkon tejto funkcie.<\/p>\n<p style=\"text-align: left;\"><strong>X. Hospod\u00e1renie zdru\u017eenia.<\/strong><\/p>\n<p style=\"text-align: left;\">1. Majetok zdru\u017eenia tvoria:<\/p>\n<p style=\"text-align: left;\">&#8211; \u010dlensk\u00e9 pr\u00edspevky,<br \/>\n&#8211; dary sponzorov,<br \/>\n&#8211; hmotn\u00fd majetok zdru\u017eenia,<br \/>\n&#8211; prostriedky z\u00edskan\u00e9 pri organizovan\u00ed r\u00f4znych aktiv\u00edt v r\u00e1mci cie\u013eov zdru\u017eenia,<br \/>\n&#8211; prostriedky z\u00edskan\u00e9 z grantov, finan\u010dn\u00fdch podp\u00f4r a dot\u00e1ci\u00ed,<br \/>\n&#8211; pr\u00edjmy z vykon\u00e1vania hospod\u00e1rskej \u010dinnosti v s\u00falade s vy\u0161\u0161ie uveden\u00fdmi cie\u013emi zdru\u017eenia.<\/p>\n<p style=\"text-align: left;\">2. Za hospod\u00e1renie a zabezpe\u010denie vedenia \u00fa\u010dtovn\u00edctva zodpoved\u00e1 rada zdru\u017eenia.<\/p>\n<p style=\"text-align: left;\">3. O rozdelen\u00ed finan\u010dn\u00fdch prostriedkov rozhodne rada zdru\u017eenia.<\/p>\n<p style=\"text-align: left;\">4. Hospod\u00e1r zdru\u017eenia riadne vedie \u00fa\u010dtovn\u00fa agendu, ktor\u00fa pravidelne predklad\u00e1 rade.<\/p>\n<p style=\"text-align: left;\">5. Raz za rok predklad\u00e1 rada spr\u00e1vu o hospod\u00e1ren\u00ed Valn\u00e9mu zhroma\u017edeniu.<\/p>\n<p style=\"text-align: left;\">6. Ak d\u00f4jde k z\u00e1niku zdru\u017eenia zost\u00e1vaj\u00faci majetok pripadne jeho \u010dlenom v pomere k \u010dlenskej z\u00e1kladni a vlo\u017een\u00fdch finan\u010dn\u00fdch prostriedkov (\u010dlensk\u00e9ho).<\/p>\n<p style=\"text-align: left;\">7. Org\u00e1ny a v\u0161etci \u010dlenovia s\u00fa povinn\u00ed naklada\u0165 s majetkom zdru\u017eenia v\u017edy hospod\u00e1rne a \u00fa\u010delne.<\/p>\n<p style=\"text-align: left;\"><strong>XI. Rozhodovanie.<\/strong><\/p>\n<p style=\"text-align: left;\">1. Hlavn\u00fdmi z\u00e1sadami pr\u00e1ce v r\u00e1mci zdru\u017eenia s\u00fa:<\/p>\n<p style=\"text-align: left;\">a) kolekt\u00edvne rozhodovanie,<br \/>\nb) osobn\u00e1 zodpovednos\u0165 \u010dlenov zdru\u017eenia.<\/p>\n<p style=\"text-align: left;\">2. Zdru\u017eenie m\u00e1 pr\u00e1vnu subjektivitu pod\u013ea z\u00e1kona \u010d.83\/1990.V jeho mene kon\u00e1 rada zdru\u017eenia , ktor\u00fa navonok zastupuje predseda zdru\u017eenia, alebo n\u00edm poveren\u00fd in\u00fd \u010dlen rady.<\/p>\n<p style=\"text-align: left;\">3. K podpisovaniu dokumentov, p\u00edsomnost\u00ed a list\u00edn zdru\u017eenia s\u00fa opr\u00e1vnen\u00ed predseda a tajomn\u00edk v plnom rozsahu samostatne.<\/p>\n<p style=\"text-align: left;\"><strong>XII. Z\u00e1nik zdru\u017eenia.<\/strong><\/p>\n<p style=\"text-align: left;\">1. Zdru\u017eenie m\u00f4\u017ee zanikn\u00fa\u0165:<\/p>\n<p style=\"text-align: left;\">a\/ dobrovo\u013en\u00fdm rozpusten\u00edm, zl\u00fa\u010den\u00edm s in\u00fdm subjektom alebo premenou na in\u00fa pr\u00e1vnu formu,<br \/>\nb\/ pr\u00e1voplatn\u00fdm rozhodnut\u00edm ministerstva o jeho rozpusten\u00ed<\/p>\n<p style=\"text-align: left;\">c\/ in\u00fdm z\u00e1konn\u00fdm sp\u00f4sobom.<\/p>\n<p style=\"text-align: left;\">2. Pri z\u00e1niku zdru\u017eenia sa vykon\u00e1 majetkov\u00e9 vyporiadanie. Majetkov\u00e9 vyporiadanie vykon\u00e1 likvid\u00e1tor ur\u010den\u00fd radou zdru\u017eenia, pr\u00edpadne likvid\u00e1tor ur\u010den\u00fd ministerstvom &#8211; pod\u013ea pr\u00edslu\u0161n\u00fdch z\u00e1konov a vn\u00fatorn\u00e9ho poriadku zdru\u017eenia.<\/p>\n<p style=\"text-align: left;\">3. Z\u00e1nik zdru\u017eenia sa ozn\u00e1mi do 15 dn\u00ed pr\u00edslu\u0161n\u00e9mu ministerstvu.<\/p>\n<p style=\"text-align: left;\"><strong>XIII. Z\u00e1vere\u010dn\u00e9 ustanovenia.<\/strong><\/p>\n<p style=\"text-align: left;\">1. Pr\u00edpravn\u00fd v\u00fdbor pln\u00ed a\u017e do zasadnutia pod\u013ea odseku jedna tohto \u010dl\u00e1nku funkcie rady. Splnomocnenec pr\u00edpravn\u00e9ho v\u00fdboru a\u017e do doby vo\u013eby Predsedu rady zdru\u017eenia t\u00fato funkciu zastupuje a zastupuje tie\u017e zdru\u017eenie navonok.<\/p>\n<p style=\"text-align: left;\">2. Tieto stanovy vypracoval pr\u00edpravn\u00fd v\u00fdbor zdru\u017eenia a boli schv\u00e1len\u00e9 \u010dlenskou sch\u00f4dzou 8.12.2014. Ak\u00e9ko\u013evek zmeny stanov je mo\u017en\u00e9 vykona\u0165 iba po schv\u00e1len\u00ed Valn\u00e9ho zhroma\u017edenia.<\/p>\n<p style=\"text-align: left;\">3. Tieto stanovy nadob\u00fadaj\u00fa platnos\u0165 d\u0148om ich registr\u00e1cie na Ministerstve vn\u00fatra SR.<\/p>\n<p style=\"text-align: left;\"><strong>V Bratislave \u2013 Star\u00e9 mesto d\u0148a 8.12.2014<\/strong><\/p>\n","protected":false},"excerpt":{"rendered":"<p>Stanovy\u00a0ob\u010dianskeho zdru\u017eenia\u00a0Mosty Pomoci I\u010cO: 42 415 951 \u00a0 \u00a0 \u00a0 DI\u010c: 212 0175 387 I .Z\u00e1kladn\u00e9 ustanovenia. 1. N\u00e1zov ob\u010dianskeho zdru\u017eenia (\u010falej len &#8222;zdru\u017eenie&#8220;) je MOSTY POMOCI. 2. S\u00eddlom zdru\u017eenia je Obchodn\u00e1 545\/9, 81106 Bratislava 1 (Star\u00e9 mesto) II. Ciele a \u010dinnos\u0165 zdru\u017eenia. Cie\u013eom zdru\u017eenia je ochrana, pomoc a v\u0161estrann\u00e1 podpora zdravotne postihnut\u00fdch, na pomoc [&hellip;]<\/p>\n","protected":false},"author":1,"featured_media":0,"parent":31,"menu_order":1,"comment_status":"closed","ping_status":"closed","template":"page-fullwidth.php","meta":{"jetpack_post_was_ever_published":false,"footnotes":""},"class_list":["post-41","page","type-page","status-publish","hentry"],"jetpack_sharing_enabled":true,"jetpack_shortlink":"https:\/\/wp.me\/P6hR6t-F","_links":{"self":[{"href":"https:\/\/www.mostypomoci.sk\/index.php?rest_route=\/wp\/v2\/pages\/41","targetHints":{"allow":["GET"]}}],"collection":[{"href":"https:\/\/www.mostypomoci.sk\/index.php?rest_route=\/wp\/v2\/pages"}],"about":[{"href":"https:\/\/www.mostypomoci.sk\/index.php?rest_route=\/wp\/v2\/types\/page"}],"author":[{"embeddable":true,"href":"https:\/\/www.mostypomoci.sk\/index.php?rest_route=\/wp\/v2\/users\/1"}],"replies":[{"embeddable":true,"href":"https:\/\/www.mostypomoci.sk\/index.php?rest_route=%2Fwp%2Fv2%2Fcomments&post=41"}],"version-history":[{"count":16,"href":"https:\/\/www.mostypomoci.sk\/index.php?rest_route=\/wp\/v2\/pages\/41\/revisions"}],"predecessor-version":[{"id":581,"href":"https:\/\/www.mostypomoci.sk\/index.php?rest_route=\/wp\/v2\/pages\/41\/revisions\/581"}],"up":[{"embeddable":true,"href":"https:\/\/www.mostypomoci.sk\/index.php?rest_route=\/wp\/v2\/pages\/31"}],"wp:attachment":[{"href":"https:\/\/www.mostypomoci.sk\/index.php?rest_route=%2Fwp%2Fv2%2Fmedia&parent=41"}],"curies":[{"name":"wp","href":"https:\/\/api.w.org\/{rel}","templated":true}]}}